- 3. Let z(s) = -5*s**3 - s + 2. Let m(f) = -2*w(f) - 3*z(f). Let q = 1 - -18. Let r = q + -20. Calculate m(r).
-2
Let q(p) = 1 - 4*p - 3*p**2 + 2*p + 4*p**2. Suppose 2*i - g = -2*i + 9, 0 = -5*i + 2*g + 12. What is q(i)?
1
Suppose 2*a + 20 = -2*a, -5*s = 4*a. Let d(w) = w**3 - 3*w**2 - 2*w - 5. Give d(s).
3
Let t(a) = 5*a**3 - 5*a**2 - 2*a + 1. Let g(u) = -4*u**3 + 5*u**2 + u - 2. Let b(s) = 4*g(s) + 3*t(s). Determine b(4).
3
Let t be (2/(-4))/1*-2. Let l(g) = -7*g**3 - g. Let n be l(t). Let d = n + 7. Let y(a) = 4*a**2 - 2*a - 1. Give y(d).
5
Let g(o) be the first derivative of o**4/4 - o**3 + 3*o**2/2 - 3*o - 6. Calculate g(3).
6
Let h(u) be the first derivative of 1 + 0*u - 2*u**3 + u**3 + u. Let n be h(-1). Let g(a) = a + 2. What is g(n)?
0
Suppose -2*u - 2*u - 12 = 0. Let s(l) = 2 - 5 + 0 - l. What is s(u)?
0
Let j(l) = l**2 - l + 6. Suppose -3*c + 3 = -4*a, 3*a = 5*a + c - 1. What is j(a)?
6
Suppose -6*p + 15 = -3*p. Suppose p*f = 5*h, -h + 8 = 5*f - 16. Let i(l) = -l**3 + 3*l**2 + 3*l - 1. Give i(h).
-5
Let c(k) = 5*k + 64*k**2 + 60*k**2 - 190*k**2 + 64*k**2. Let j(m) = -4*m**3 - m - 1. Let r be j(-1). What is c(r)?
-12
Let m = -1 + 2. Let f(z) = 12*z**3 - 3*z**2 + z - 1. Let b(l) = 25*l**3 - 7*l**2 + 2*l - 2. Let w(j) = 4*b(j) - 9*f(j). What is w(m)?
-9
Let v(d) = 5*d**3 - 4*d**2 - 5*d - 4. Let s(z) = -z**3 - z**2 - z - 1. Let w be (-6)/4*(-24)/9. Let t(i) = w*s(i) - v(i). What is t(-1)?
8
Suppose 0 = -5*d - 4*s - 50, 0*s - s + 50 = -5*d. Let p = d - -11. Let v(w) = -4*w - 1. What is v(p)?
-5
Suppose -4*f - 16 = -0*f. Let r be f + 3 - (0 + -5). Suppose r*z + 6 = -6. Let x(a) = -2*a - 1. What is x(z)?
5
Suppose 2*k = -k + 18. Let j = -1 + k. Let y(n) be the third derivative of n**4/12 - n**3/2 - n**2. Determine y(j).
7
Let h(n) = 13*n**3 - 2*n + 1. Suppose -8 = -8*w - 0. Give h(w).
12
Let l(o) = -5*o**3 - o**2 - 3. Let c(j) = -11*j**3 - j**2 + j - 7. Let r(y) = -4*c(y) + 9*l(y). What is r(-3)?
-5
Let p(z) be the second derivative of -3*z + 0 - 1/20*z**5 - 2/3*z**3 - 2*z**2 - 1/3*z**4. Let u = 3 + -6. Determine p(u).
-1
Let g be 5*1 + 4/(-4). Let z(y) = 2*y**2 - 17*y - 17. Let n(h) = h**2 - 9*h - 9. Let o(u) = -11*n(u) + 6*z(u). Determine o(g).
1
Let a = -39 + 29. Let m(x) = -x**2 - 10*x + 5. Determine m(a).
5
Let z(j) = -j**2 + 3*j. Suppose -3*d + 23 = 2. Let l(c) = c**3 - 7*c**2 - c + 8. Let i be l(d). Let p be 5 + -3 + (i - -1). Determine z(p).
-4
Let x(p) = p + 10 - 8 - 5 - p**2. Suppose 3*u = u. Calculate x(u).
-3
Let g(v) = -4*v - 5. Let n(x) = -3*x**2 + 2*x + 1. Let s be n(-1). Give g(s).
11
Let w be 14/4*(-32)/(-56). Let a(c) = w*c**2 - 8*c**2 + c**3 + 2*c**2 - 5*c - 3. Let n = -2 + 7. What is a(n)?
-3
Let h be 42/(-10) + (-17)/(-85). Let s(v) = -v**3 - 3*v**2 + 5*v. What is s(h)?
-4
Let o(x) be the second derivative of 0 + 1/6*x**3 - x + 4*x**2. What is o(-6)?
2
Let w be ((12/(-1))/2)/(-2). Suppose -20 = -w*f - f. Let n be 9/f + (-3)/(-15). Let o(z) = z**3 - 2*z**2 - 3*z + 3. What is o(n)?
-3
Let u(x) = -3*x**2 - 3*x - 2. Let j be u(-2). Let p = j - -12. Let d(l) = -3 - l + 3. Determine d(p).
-4
Let d(y) = -y - 9. Let f = -5 + 4. Let g be (1 - f)*(-7)/2. Let m = g + 3. Determine d(m).
-5
Suppose -3*g = -0*g - 3. Let f(i) be the second derivative of i**5/2 - i**4/6 + i**2/2 + 2*i. Give f(g).
9
Let f(v) = 2*v - 2*v - 2*v + 3*v. Calculate f(2).
2
Let r(q) be the first derivative of 0*q**2 + 1/15*q**5 + q**3 + 1/24*q**4 + 0*q + 1. Let i(h) be the third derivative of r(h). What is i(-1)?
-7
Let g(h) be the second derivative of -1/6*h**3 + 0 - 2*h**2 + 6*h. Give g(-5).
1
Let i = 10 - 28. Let f be (2 + -3)/((-3)/i). Let t(y) be the second derivative of y**4/12 + y**3 - 2*y**2 + y. Give t(f).
-4
Let i(d) = -2*d - 71 + 2*d + 70 + 2*d**2 + d**3. Calculate i(-1).
0
Let b(m) = 2*m - 7*m - 3 + 9*m. Calculate b(-4).
-19
Let w = -5 - -11. Let d be 6/w*(-1 + 4). Let h(m) = 2*m**2 - m**2 - 3 - d. What is h(0)?
-6
Let p(o) = -10 - 4 + 22*o - 21*o. Calculate p(6).
-8
Let m(n) = -n**2 - 3*n + 2. Suppose 0 = -4*g - 3*b - 23, -b + 1 = 2. Calculate m(g).
-8
Let m be (3 - 4) + 0 + 3. Let h(x) = 7*x - 11*x**2 + 5*x**2 + x**3 + m - x. Let y be ((-10)/(-8))/(2/8). Calculate h(y).
7
Let c(k) be the second derivative of k**7/840 - k**6/90 - k**5/24 + k**4/4 - k**3/6 - 5*k. Let h(o) be the second derivative of c(o). Determine h(5).
6
Suppose -3*w = w, o + w - 7 = 0. Let g = -1 + o. Let s(u) = -u**3 + 6*u**2 - u + 8. What is s(g)?
2
Let j(v) = 2*v + 2. Let o(y) = 1. Let r(f) = -j(f) + 3*o(f). Suppose -l = -4*l + 15. Determine r(l).
-9
Let u(k) = -k - 4. Let m(z) = -3*z - 13. Let l = 23 + -21. Suppose j + 7 = -0. Let q(r) = j*u(r) + l*m(r). Determine q(2).
4
Let u(c) be the first derivative of -c + 1/2*c**2 - 2 - 3/2*c**4 + 0*c**3. Calculate u(1).
-6
Let r(s) be the second derivative of s**5/20 - s**4/3 - 2*s**3/3 - 7*s**2/2 - s. Let x be 1/5 + (-1488)/(-60). Suppose -x = -0*i - 5*i. Give r(i).
-2
Let t(c) be the third derivative of -c**6/120 - c**5/10 - 4*c**3/3 - 3*c**2. Let o(s) = -2*s + 18. Let b be o(12). Calculate t(b).
-8
Let p be ((-30)/4)/15*0. Let v(w) = w**2 + 7*w + 2. Let z(t) = -t**2 - 6*t - 2. Let o(l) = 5*v(l) + 6*z(l). Determine o(p).
-2
Let p = -4 - -9. Let i(n) = 9*n + 12 + 2*n**2 - 6*n - 3*n**2 - 9. What is i(p)?
-7
Suppose -2*z = 5*i - 16, -3*z = 3*i - 4 - 11. Let g(j) = j**2 + 0 - 8*j - i + 4*j. Give g(4).
-2
Let m(u) = 0*u - 4*u + u**2 + 0 - 2. Give m(5).
3
Let d(m) = 4*m**2 + 3*m**2 - 5 - 3*m**2 - m + m**3 + 3*m**2. Determine d(-7).
2
Let p(c) = -c**3 - 11*c**2 + 11*c - 12. Let t be p(-12). Let i(q) = -6*q**3 + 2*q**3 - 3 + 3*q**3 - q. Calculate i(t).
-3
Let q(p) = -5*p**3 - p**2 + 1. Let o = 26 + -27. Calculate q(o).
5
Let k(b) = -b**3 - 3*b**2 + 3*b + 2. Suppose 7*n - 4 = 9*n. What is k(n)?
-8
Let h(z) be the second derivative of z**4/6 + z**3/3 + 19*z. Give h(-2).
4
Let z(o) be the first derivative of -o**3/3 + 2*o**2 + 6*o + 11. Calculate z(5).
1
Let u = -69 + 68. Let t(d) = -5*d. Calculate t(u).
5
Suppose 0 = -6*m + 3*m - 3. Let d(a) = -13*a**2 - a - 1. What is d(m)?
-13
Let d be (-3 - (-4 + 1))/1. Let s(u) = u + 5. Determine s(d).
5
Let k(f) = -9*f + 6. Let x be -5 + 4 + -5*1. Let n(w) = 10*w - 7. Let u(m) = x*k(m) - 5*n(m). Let b be 5/2 - 2/4. Calculate u(b).
7
Let i(t) be the third derivative of t**6/40 + t**5/20 + t**4/24 + t**3/3 - 4*t**2. Give i(-2).
-12
Suppose -2*w = 3*b - 1, -5*b = -5*w + 1 + 14. Let y = b + 3. Let g(q) = -2*q. Determine g(y).
-4
Let u(f) = 2 + 4 - 4 - 3*f - f**2. Determine u(-2).
4
Suppose -3*d - b - 3*b - 19 = 0, 3*d + 12 = 3*b. Let f(q) = -q**3 - 4*q**2 + 6*q - 1. Give f(d).
-6
Let b be (-1)/(1/(-2))*1. Let q(i) = 2*i**2 - 4*i - i + 6*i**2 - i**3 + 3 - 3*i**b. Suppose -c - 4*c + 15 = 0. Calculate q(c).
6
Let l(b) = -b**2 + 6*b + 4. Let n be l(6). Suppose n*c = c - 6. Let q(y) = -2*y - 1. Determine q(c).
3
Let i(b) be the first derivative of -b**4/4 - 4*b**3/3 + 3*b**2 - 3*b - 1. Suppose -94 - 34 = -4*k. Let l be -2*20/k*4. Give i(l).
-8
Let i be ((-3)/(-2))/(3/6). Suppose -1 + i = n. Suppose 3*b + 5*x = 22, 0 = -3*b - n*x - 0*x + 7. Let q(l) = 4*l**2 + 1. Calculate q(b).
5
Let b = -10 + 10. Let r(c) = b - 22*c + 18*c + 3. Suppose -4*h + 2 = 2*g, -3*h + 14 = 4*g - 5*h. Give r(g).
-9
Let r(s) = s**2 - 6*s + 5. Let l be r(5). Let d(i) = l - i - 3 + 1. What is d(-4)?
2
Let q(m) = -2*m**2 + 4*m - 7. Let u(n) = 3*n**2 - 9*n + 14. Let i(x) = 5*q(x) + 3*u(x). Determine i(-7).
7
Let z(l) = -l**2 + l. Let a be 30/18 - 6/9. Determine z(a).
0
Let i(y) = -y**2 + 4*y. Let d be i(5). Let o = 10 - 11. Let h = d - o. Let u(p) = p - 3. Calculate u(h).
-7
Let b(f) = f - 1. Let d be b(-5). Let o = d - -1. Let j(z) be the first derivative of z**3/3 + 5*z**2/2 + 7*z + 2. What is j(o)?
7
Let q(u) = 7*u**2 - 3*u + 6. Let m(g) = -g - 1. Let h be m(3). Let c(n) = 3*n**2 - n + 3. Let b(t) = h*q(t) + 9*c(t). Calculate b(-2).
-7
Let a(l) = -7*l**2 + 4*l - 1. Let m(z) = -20*z**2 + 12*z - 2. Let d(j) = 17*a(j) - 6*m(j). Let r be d(4). Let y(p) = p**3 + 4*p**2 - 6*p. Give y(r).
5
Let i(b) = -5*b - 4. Let v(s) = -11*s - 7. Let h(t) = 5*i(t) - 3*v(t). Suppose -2*n - 1 = -n. Determine h(n).
-7
Let a(f) be the second derivative of f**6/120 + f**5/20 - 2*f**3/3 + 3*f**2/2 - 2*f. Let v(g) be the first derivative of a(g). Determine v(-3